- t = 834, -r*j = -t - 727 - 661. List the prime factors of j.
277
What are the prime factors of (3/((-54)/(-30612)))/((-4)/(-12))?
2, 2551
Let y = 17623 - 3123. What are the prime factors of y?
2, 5, 29
Suppose 0 = -4*k + 5*x - 28, 0 = -5*k + x - 14 - 21. Let c(u) = 8*u**2 + 20*u - 4. List the prime factors of c(k).
2, 31
Suppose 2*m - 6709 = -q - 329, -3*m = 5*q - 9570. List the prime factors of m.
2, 5, 11, 29
Suppose -319 = -3*k - 5*n - 92, -4*k + 5*n = -256. Let r be (200/(-15))/((-2)/k). Suppose r = 5*w + 2*h, 0 = w + h - 0*h - 95. List the prime factors of w.
2, 3, 5
Let u = 27 - -194. Suppose 4*g + p - u = 0, -2*g + p + 121 = -2*p. What are the prime factors of g?
2, 7
Let d = -1058 - -1881. Let t = d - 500. List the prime factors of t.
17, 19
Let k = 124 - -102. Let a = 228 + k. What are the prime factors of a?
2, 227
Suppose 5*x + 16*o = 21*o + 248385, 4*x + 3*o = 198729. What are the prime factors of x?
2, 3, 5, 23
Let s be (30/(-18))/(15/(-9)). Let p(f) = s - 492*f**3 - 2 + 2*f + 579*f**3 - f**2. List the prime factors of p(1).
3, 29
Suppose -126467 - 71139 = -32*y + 55706. What are the prime factors of y?
2, 1979
Suppose 46*o = -48*o + 728688. List the prime factors of o.
2, 3, 17, 19
Let z(w) = 132*w - 424. What are the prime factors of z(55)?
2, 1709
Let t(y) = -8*y + 171. Let i be t(22). Let d(z) = -209*z - 204. List the prime factors of d(i).
29
Let a(d) = d**2 + 7*d - 8. Let n be a(-9). Let p(q) = q**2 - n*q + 1 + q**3 + 0 - 7*q + 5*q. What are the prime factors of p(4)?
3, 11
Suppose 64 = 4*c + 4*p, 4*c = 3*c + 5*p + 16. Let h be (-1)/((-68)/c + 4). Suppose h*l + 765 = 13*l. List the prime factors of l.
5, 17
Let q = -279 + 315. List the prime factors of ((-10)/(-4))/(15/q) - -759.
3, 5, 17
What are the prime factors of 56/(-126)*(-9)/24 - (-23662)/12?
2, 17, 29
Let v be (-1504)/112 - (-9)/21. Let o(a) = -32*a - 31. List the prime factors of o(v).
5, 7, 11
Suppose 0*k + 7*k = -189. Let t(r) = -20*r - 35. What are the prime factors of t(k)?
5, 101
Let m(o) = o**2 + 3*o - 6. Let j be m(-4). Let g be (-8)/j + (110 - -9). Suppose -y = g - 317. List the prime factors of y.
2, 97
Let z = -110 + 112. Suppose z*h + c - 655 = 3*h, 3*h + 1955 = -2*c. Let m = -421 - h. List the prime factors of m.
2, 29
Suppose -148*i + 160 = -156*i. Let m(r) = -11*r + 150. What are the prime factors of m(i)?
2, 5, 37
Suppose 507*n + 14672 = 509*n. Suppose -u = 3*b - 4393, -14 - n = -5*b + 4*u. What are the prime factors of b?
2, 733
Suppose -6*p - 17 = 25. What are the prime factors of (-215 + -1)*((-42)/(-4))/p?
2, 3
Suppose 119793 = -36*c + 761817. What are the prime factors of c?
2, 37, 241
Suppose 0 = -14*i + 15337 + 81417. What are the prime factors of i?
6911
Suppose -5*o + 4 = -2*s, -14*o + 13*o + 4 = -2*s. Let q(p) = -p**3 + p + 691. List the prime factors of q(o).
691
List the prime factors of (4/5)/((-235)/(-12885050)).
2, 5483
What are the prime factors of 13/(143/22)*257?
2, 257
Suppose 3*s = 6*s + 4*p + 23, 5*s = -5*p - 35. Let t(w) = 23*w**2 - 18*w - 95. List the prime factors of t(s).
2, 3, 5, 19
Suppose -f + 154 = 5*x, 5*x + 7 - 27 = 0. What are the prime factors of f?
2, 67
Suppose 4*y - 3*w = -y - 184, 4*w - 117 = 3*y. Let b = 39 + y. Suppose -58 = 2*s - b*s - 4*f, 126 = 4*s - 2*f. List the prime factors of s.
31
Suppose -4*s - 18 = -18. Let j be -1 - 56 - (3 + s). Let l = -20 - j. What are the prime factors of l?
2, 5
Let n be 46/5 - 2/10. Let z(x) = -2*x**2 + 20*x + 7. Let u be z(n). Suppose c = u + 20. List the prime factors of c.
3, 5
Let s = -40 + 76. Suppose -8*u - 196 = -u. Let m = u + s. List the prime factors of m.
2
Suppose 2*g - o = g + 13542, 2*o = -5*g + 67717. List the prime factors of g.
29, 467
Let y be 9*(-6 - (-128)/24). List the prime factors of 164*(-4 - y) + -2.
2, 163
Suppose 25 = 48*x - 71. Suppose 5*j = u - 6*u + 35, u - 3*j - 19 = 0. What are the prime factors of ((-156)/(-15))/(x/u)?
2, 13
Let m(d) = -1194*d - 6. Let l be m(-7). Suppose -u + l = 8*u. What are the prime factors of u?
2, 29
Suppose 5*l = -2*i + 9123, i - 5*l + 696 = 5235. List the prime factors of i.
2, 3, 11, 23
Let d(g) = -g**3 - 13*g**2 - 43*g - 6. Let j be d(-6). Suppose r + 5*r - 240 = j. What are the prime factors of r?
2, 5
Suppose -11*z = -7*z - 88. Let s = z - 20. Suppose -w = s*w - 90. What are the prime factors of w?
2, 3, 5
Let o be (-1 + 44/28)/(4/33838). Suppose 15*s = o + 4931. List the prime factors of s.
3, 7, 31
What are the prime factors of (-18)/(-3 + 35055/11688)?
2, 3, 487
Suppose 2*d + 4*n + 2 + 12 = 0, -3*n = -2*d + 7. Let g be (-72)/(-6)*d*(-64)/6. Suppose 96 = 8*f - g. What are the prime factors of f?
2, 7
Let p(s) = 49*s**3 - 6*s**2 - 8*s - 1. List the prime factors of p(4).
31, 97
Suppose 0 = 5*w + 5, -2*i - i + 20 = -5*w. Suppose 11*y - 8*y = -h + 3656, -i*y = -3*h - 6084. What are the prime factors of y?
2, 3, 7, 29
What are the prime factors of (2791 - (13 - 33))*5*1 - -4?
17, 827
Suppose 0 = 406*r - 408*r - 6, 4*p + 4*r = 29132. What are the prime factors of p?
2, 3643
Let s = 157 + 375. Suppose -78*u + s = -71*u. What are the prime factors of u?
2, 19
Suppose 0 = -641*q + 731*q - 865080. List the prime factors of q.
2, 3, 89
Suppose -2*t = 3*t. Let u(i) = 60*i**2 - 390*i - 5. Let k be u(7). Suppose a + 4*a - k = t. List the prime factors of a.
41
Let g be (-2)/((-8)/602) + 12/(-8). Suppose -o + 23 = 3*r, 0 = 2*r + r - 4*o + 2. Suppose 533 - g = r*v. What are the prime factors of v?
2
Let q = 5454 + 1537. List the prime factors of q.
6991
Let v(d) = 8*d**2 + 699*d + 224. List the prime factors of v(-114).
2, 12253
Let h(y) = 13*y + 62. Let l be h(-5). Let a be l/(5 + (-17)/4). List the prime factors of 14 - (a + 1 + 0)/(-1).
11
Suppose 8 = -3*f + 5*f. Suppose f*q - 8567 = -3*w, 0 = -3*w + 2*q - 7*q + 8572. Suppose 16*h - 5*h = w. List the prime factors of h.
7, 37
Let n(h) = -7*h**3 + 4*h**2 + 4*h + 4. Let r be n(-4). Let z be (9 + -3)*(2187/(-6))/9. Let m = r + z. List the prime factors of m.
257
Let k(p) = 3*p**2 - 15*p + 15. Let l be k(11). Suppose -s - 2 = 3*x + 49, -5*s - l = x. Let g = -23 - s. List the prime factors of g.
19
Let v(h) be the third derivative of -h**5/30 + h**4/6 + 1309*h**3/6 - 203*h**2. What are the prime factors of v(0)?
7, 11, 17
Let k(y) = -50*y - 226. What are the prime factors of k(-52)?
2, 1187
Let v(r) = -13*r + 7. Let s be v(-6). Suppose -z + s = -n, -5*z - 3*n + 267 + 190 = 0. Let i = 149 - z. List the prime factors of i.
2, 3, 5
What are the prime factors of ((-8664)/76)/(1*3/(-80))?
2, 5, 19
List the prime factors of 41744/12 - (6 - (-64)/(-12)).
2, 37, 47
Let x be 51/18 - 6/(-36). Suppose -a = -4*b - 8, -x*a + 60 = -2*b - b. Suppose a*c - 20*c = 932. List the prime factors of c.
233
Let p(d) = 22*d**3 - 9*d**2 - 2*d + 6. Let w be p(3). Let v = 586 + w. What are the prime factors of v?
7, 157
Let k = -3382 - -15728. List the prime factors of k.
2, 6173
Suppose -67*g + 246025 + 732718 = 83757. List the prime factors of g.
2, 6679
List the prime factors of ((-4690 - 2) + 8)/(3 + 40/(-12)).
2, 3, 1171
Let b(x) = 24*x - 188. Let z be b(8). Suppose -5*i = -i - 16. Suppose -4*n + 2*n + 96 = -z*f, -i*n + 162 = -2*f. What are the prime factors of n?
2, 19
Let m be 0 + 1/4*12. What are the prime factors of 718/4 + m - (-4)/8?
3, 61
Suppose -5*x + 6*f + 5006 = 7*f, -3*f + 3 = 0. Let b = x - 340. List the prime factors of b.
661
Let u be 22/(-26) + (-160)/1040. List the prime factors of u + 2 + (-528)/(-3) + -1.
2, 11
Let v(b) = -b**3 + 15*b**2 - 3*b - 3. Let r be -2 - (-3 + -5)*1. List the prime factors of v(r).
3, 101
Let n(t) = -516*t - 340. What are the prime factors of n(-6)?
2, 13, 53
Suppose -22*p - 11*p + 159545 = -16*p. What are the prime factors of p?
5, 1877
Let n(o) be the third derivative of 7*o**4/24 + 43*o**3/3 + 2*o**2 + 78*o. What are the prime factors of n(2)?
2, 5
Suppose -14*x + 42668 + 81387 + 25255 = 0. What are the prime factors of x?
3, 5, 79
Suppose 4*y + 7 = 3*b + 21, b = -y + 7. Suppose -2*o - 1162 = l - 5*l, -y*o + 318 = l. What are the prime factors of l?
293
Let a(t) = 35*t**2 - 5*t + 15. Let o(u) = -u**2 - 1. Let z(x) = a(x) + 15*o(x). Let h be z(-3). Suppose -4*w + h = w. What are the prime factors of w?
3, 13
List the prime factors of (1 + -4888)*455/